 7 + 1. Determine s(7).
-14
Let b(x) be the second derivative of -32*x**3/3 + 195*x + 2. Calculate b(1).
-64
Let j(c) = c + c - c - 2*c + 2. Let g = -15 + 17. Suppose -q - 3 = -3*m - 15, -g*q = 4*m + 26. Calculate j(m).
7
Let u(v) = -39*v**2 - 44*v**2 - 4*v - 45*v**2 + 3 + 129*v**2. Calculate u(0).
3
Let s(u) = u**3 + 2*u**2 + u. Let p(n) = -7*n**3 - 17*n**2 + 4*n + 14. Let r(m) = -p(m) - 6*s(m). What is r(-6)?
10
Let v(z) = 2 - 4 - 6 - z - 3. What is v(-4)?
-7
Let h(q) = 15*q + 0 - 5*q - 2 - 1. Let c(v) = -v**2 - 9*v + 2. Let y(u) = 6*c(u) + 5*h(u). Calculate y(-2).
-19
Let q(i) = -i**2 + i + 3. Let k(y) be the second derivative of y**3/6 + 5*y. Let n be k(4). Give q(n).
-9
Let x(f) = -29*f**2 + 8 + f + 7*f + 30*f**2. What is x(-7)?
1
Let c(p) be the second derivative of 8*p + 3*p**2 + 0 - 2/3*p**3. What is c(5)?
-14
Suppose -4*r = x - 0*x - 76, 4*x + r = 289. Suppose p + 7*p + x = 0. Let l(n) = n**3 + 8*n**2 - 8*n + 12. Calculate l(p).
3
Let u(y) = -y**3 - 5*y**2 + y + 4. Suppose -126 = -4*i - 146. Give u(i).
-1
Let c(g) = 11*g + 5. Let u(d) = 24*d + 11. Let j(b) = 13*c(b) - 6*u(b). Give j(3).
-4
Let i(u) = 79*u**2 - 80*u**2 + u - 2*u - 2*u + 3. Determine i(0).
3
Let y(f) = -34 - f**2 + 21*f + 7 + 5. Calculate y(20).
-2
Let v(c) = 4*c**2 - 2*c + 1. Let r = 57 - 72. Let s be (-10)/r*-3 + 3. Calculate v(s).
3
Let w(q) = 2*q**3 - 3*q**2 + q. Let b = 1153 + -1151. Determine w(b).
6
Let i(q) = -6*q**2 + 89*q + 22. Let y be i(15). Let o(t) = t**3 - 9*t**2 + 16*t - 16. Determine o(y).
-2
Suppose a = 3*z - 7, -5*z = 2*a - 7*a - 25. Let y(h) = -5*h. Determine y(z).
-5
Let m(v) = -12*v**2 - 10*v + 6. Let y(t) = 5*t**2 + 5*t - 2. Let r(g) = -2*m(g) - 5*y(g). What is r(-6)?
-8
Let u(l) be the second derivative of 0 - l**3 + 5/2*l**2 - 1/20*l**5 + 5/12*l**4 - 3*l. Suppose -2*k + 25 = 4*g + k, -4*g + 4 = -4*k. Calculate u(g).
-3
Suppose -2*j + 0*j + 78 = 0. Suppose -1 - j = -4*z. Let o(s) = -6 - 1 + s + z. Give o(-3).
0
Let x(t) be the second derivative of -t**7/840 - t**6/180 - t**4/6 - 13*t**3/2 + t**2 + 14*t. Let l(v) be the second derivative of x(v). Calculate l(-3).
5
Let t(l) = -22*l + 0 + 10*l - 2*l**2 + l**3 + 7*l - 3*l**2 + 7. What is t(6)?
13
Suppose 21 + 14 = -5*s - 5*y, 4*s - 2*y = -10. Let t(f) = -f**3 - 3*f**2 - f - 13. Calculate t(s).
7
Let x(n) = -n**3 + 9*n**2 - 8*n + 9. Suppose -j = -12*j + 88. Calculate x(j).
9
Let n = 337 + -329. Let f(v) = v**3 - 7*v**2 - 8*v + 3. Calculate f(n).
3
Let b be ((-1)/(-1))/(-1*(-3 + 4)). Let z(j) = 18*j**3 + 2*j**2 + j. What is z(b)?
-17
Let d(t) = -t - 1. Let m = 11 - 14. Determine d(m).
2
Let c(a) = -3*a - 21. Let h(x) = x**3 - 5*x**2 - 36*x - 7. Let u be h(-4). Calculate c(u).
0
Suppose -j = -u - 13, 0 = 2*j - u - 18 - 4. Let k(w) = 2*w - 20. Give k(j).
-2
Let i(b) = -b**3 - 2*b**2 + b + 1. Let y be i(-2). Let h be 2/(-6)*(y + 1). Suppose -8 = -h*j + 4*j. Let m(d) = 6*d. Give m(j).
-12
Suppose -5*i = -w - 57, 36*i - 5*w = 38*i - 12. Let p(j) = 3*j - 7. Give p(i).
26
Let a(w) = 2*w**2 - w - 2. Let g be 172/5 + (-38)/95. Let n = g + -37. Calculate a(n).
19
Let i(s) = -s**3 + 6*s**2 + 4*s - 3. Let b = -224 - -230. Give i(b).
21
Let m(p) = -p**3 + 5*p**2 + 5*p + 4. Let q(l) = 10*l - 70. Let c be q(7). Suppose 0 = -3*v - c + 18. Determine m(v).
-2
Let y(a) be the first derivative of a**6/360 + a**5/30 - a**4/6 + 49*a**3/3 + 46. Let p(t) be the third derivative of y(t). What is p(-6)?
8
Let x(a) = -7 + 2*a + 7*a + 0*a**2 - 4*a + a**2 - 2*a. Give x(-3).
-7
Let q(z) = 7*z**2 - 8*z. Let h(w) = -275*w**2 - w - 1 + 276*w**2 + w. Let g(j) = j - 8. Let y be g(7). Let m(o) = y*q(o) + 6*h(o). Give m(5).
9
Let r(j) = -17*j**2 + 23 - 46*j**3 - 34 + 5*j - 5*j**2 + 6*j**2. Let h(k) = -9*k**3 - 3*k**2 + k - 2. Let p(l) = 11*h(l) - 2*r(l). Determine p(1).
-7
Let y(p) be the third derivative of -5*p**4/24 - 5*p**3/6 + 4*p**2. Let t(j) = 14*j + 14. Let x(c) = 6*t(c) + 17*y(c). Let i = -5 + 3. Give x(i).
1
Suppose -6*b - 149 = -4*v - 7*b, -5*b - 47 = -2*v. Let l(i) = 68*i + i**2 + 1 - 34*i - v*i. Calculate l(1).
0
Let t = 71 - 67. Let k be (-2 + 0)*t/2. Let i(s) = -s**3 - 4*s**2. Determine i(k).
0
Let s(g) = -3*g - 3. Let t(c) = -5*c - 16. Let a(w) = 3*s(w) - t(w). Determine a(5).
-13
Let a(v) = 4*v**3 - 3*v**2 + 4*v - 2. Let g = -1052 - -1054. Determine a(g).
26
Let x = 79 + -68. Let s(b) = 4*b + 1 + b**2 + x - 5. What is s(-5)?
12
Let c(g) = 4*g - 9. Suppose 0 = 19*o - 90 + 14. Give c(o).
7
Let u(f) = 3*f**3 - f**2 + 1. Suppose -2*j + j = -11. Let b be 10/((-1 - -2)*1). Let a = b - j. Calculate u(a).
-3
Let d be (-21)/(-4) - 1/4. Let b(v) = 47 + 7 - v + v**3 - 5*v**2 - 48. Determine b(d).
1
Suppose -3*n + 2*h + 20 = 0, 0 = 3*n - 2*h + 4*h - 28. Let b(r) = -3*r - 1. Calculate b(n).
-25
Suppose -3*b = 3*a - 17 + 5, -2*a = 0. Suppose -b*l - u + 0 = -13, -l = -3*u. Let z(h) = 2*h - 4. Give z(l).
2
Let x(j) = -17 - 21 + 47 + j**3 + 9*j**2. Calculate x(-9).
9
Let g(k) = -k**2 - 1. Let z(i) = -2*i**2 - 1. Let r(x) = -3*g(x) + z(x). Let t = -6 - -9. Suppose 4*d = -t - 5. Determine r(d).
6
Suppose 4*l + 6 = -5*y, -12 = -2*y + 5*l + 12. Let x(z) = -1 - y*z + 0*z + z. Let j(w) = w**3 - 6*w**2 - 4*w + 14. Let s(n) = j(n) + 5*x(n). Give s(7).
-5
Let r(t) = -4*t**2 - 5*t + 4. Let d be 9 - -1 - 963/107. Calculate r(d).
-5
Suppose -d = 2*d - 5*f + 6, -15 = -3*d - 2*f. Suppose 2*z - 6*z + 5*t = 0, -d*z - 2*t + 23 = 0. Let w(q) = 2*q - 3 + 8 - 7 - 1. Give w(z).
7
Let z(t) = -5*t**2. Suppose 2 = n + 6. Let k be (-51)/(-9) - n/(-6). Suppose -5 = -0*v + k*v. Calculate z(v).
-5
Let c(b) = 5*b - 3. Let j be c(3). Suppose 5*s = 3*h + j, 2*h + 7 = 6*s - 3*s. Let n(u) = -2*u + 2 + s*u + 0*u - 2*u. What is n(5)?
-3
Let k(z) be the second derivative of -z**5/20 + z**4/12 + z**3/2 + 3*z**2/2 - z - 81. Determine k(3).
-6
Let w(d) = -12*d**2 + 2 - 4*d - 4*d**2 + d**3 + 12*d**2. Let m be (-4 + 3)/((-2)/8). What is w(m)?
-14
Let n(b) = -b**3 + 7*b**2 - 4*b - 4. Suppose 4*x = 3*f + 7, -2*f + 3*x - 18 = -4*f. Suppose 3*s - 21 = -f. What is n(s)?
8
Let r(c) be the second derivative of c**4/12 + 2*c**3/3 - 5*c**2 + 5*c - 4. Give r(-7).
11
Let t = 8 + 2. Suppose 5*p - 7 + 2 = 5*d, 3*p = -d - 17. Let s = d + t. Let o(f) = f**3 - 4*f**2 - 4*f + 5. Calculate o(s).
10
Let d = 0 + 1. Let m(x) = 16*x**2 - x - 4. Let q(a) = 27*a**2 + 3*a - 25*a**2 + 9 - 35*a**2. Let i(w) = 7*m(w) + 3*q(w). Calculate i(d).
14
Suppose -3*k = 3*j - 48, 30*j - 33*j = -3*k + 18. Let v(n) be the second derivative of -n**4/12 + 2*n**3 - 3*n**2 + 2*n. What is v(k)?
5
Let d = 1 + 23. Suppose 0 = 5*v - 2*y - 5, 14 = v - 3*v + 4*y. Let u(n) = -n - 1. Let r(c) = 9*c + 6. Let z(k) = d*u(k) + v*r(k). What is z(4)?
6
Suppose -10*o - 51 = 7*o. Let b(n) = -n**3 - n**2 + 2*n + 4. Calculate b(o).
16
Let l(h) = -18 + 9 + 132*h - 134*h. Calculate l(-11).
13
Let n(y) = -y**3 + 11*y**2 + 14*y - 24. Let i be n(12). Suppose i*w = -2*b - 3*w - 6, 0 = b - 4*w + 3. Let g(t) = -2*t**2 + t - 2. Give g(b).
-23
Let q be ((-4)/(-6))/(-4*4/(-72)). Let f be (-7 - -2 - 0) + q + -3. Let x(z) = z + 6. Determine x(f).
1
Let j(m) = 2*m - 4. Suppose 3*n - 5*r - 9 = -7, 0 = 4*n - 2*r - 26. What is j(n)?
14
Let v(w) = -1 + 277*w**2 - 9*w - 278*w**2 + 2*w. Suppose z = -6 - 0. What is v(z)?
5
Suppose -4*h = -3*c - 192 + 52, c + 50 = 3*h. Let o = -40 - c. Suppose -o*p + 7 = -1. Let q(w) = -5*w**2 + 2*w - 2. Give q(p).
-18
Let m(c) = 0*c - 2*c + 1 + 0*c**2 - 12*c**3 + 13*c**3 + 6*c**2. Calculate m(-6).
13
Suppose 4*u - 3*s - 22 = 30, s - 26 = -3*u. Let x(g) = g**2 - 10*g + 3. What is x(u)?
3
Let g = 11 - 16. Let q(c) = c**2 + c - 1. Let a(j) = -12*j**2 - 14*j + 12. Let r(y) = -2*a(y) - 22*q(y). Give r(g).
18
Let d(s) = -s**3 + 5*s**2 - 4*s - 5. Let m be d(3). Let n(a) = 16*a - 1. Calculate n(m).
15
Let u(c) = -c**3 - c**2 + c. Suppose -3 = 3*o + t - 0, 5*o = -3*t - 5. Let q(y) = -3*y**3 + 6*y**2 - 5*y - 6. Let l(s) = o*q(s) + 2*u(s). What is l(7)?
6
Let r(x) = -27*x**2 + 14 - 11*x + 3*x + 26*x**2 - 7. Calculate r(-10).
-13
Let y(n) = -1 + 3 + 444*n**2 - 11*n - 443*n**2. Calculate y(9).
-16
Let q(f) = -f**3 - 2*f + 3. Let z be q(0). Let r be ((-2)/6)/(z/27). Let m(o) = 5*o - 3. Determine m(r).
-18
Suppose -l = -0*l - 4*i - 25, -i + 117 = 4*l. Suppose 27 = 2*m + l. Let o(y) = -y**2 - 2*y - 1. Determine o(m).
0
Let l(r) be the f